).
6
Let b(j) = -j**3 - j**2 + j + 1. Let s(x) = 3*x**3 + 3*x**2 - 3*x - 4. Let u(y) = 4*b(y) + s(y). What is u(-2)?
2
Let j(h) = h + 7. Let i(b) = -b - 8. Let f(n) = -n - 3. Let k be f(0). Let s(p) = k*j(p) - 2*i(p). Calculate s(-5).
0
Let y(h) = -7 - h**2 - 6 - 3*h + 19 - 8. Suppose x = 4*x - 4*p - 40, -5*x + 63 = -3*p. Suppose c - 5*g + x + 11 = 0, 0 = 2*c - g + 10. Determine y(c).
-2
Let l(b) be the first derivative of -b**4/4 - 2*b**3 + 3*b**2 - 6*b - 12. Determine l(-7).
1
Suppose 0 = -3*c + 3*d + 9, -5*d - 8 = -4*c - 0*d. Let k(r) = -r**2 + 8*r + 4. Determine k(c).
11
Let c(j) = 6*j**2 - 10*j + 3. Let r(u) = 7*u**2 - 11*u + 4. Let z(p) = 6*c(p) - 5*r(p). What is z(6)?
4
Let u be 1*2 + -4 + 4. Let s(d) = -5*d**2 + 2*d. Let a(g) = -11*g**2 + 4*g + 1. Let c(i) = 2*a(i) - 5*s(i). Determine c(u).
10
Let v(y) = 5 - 6*y - y + 9*y. Suppose -18 - 12 = 5*g. Give v(g).
-7
Let h(s) be the third derivative of -s**5/60 + 3*s**4/8 - 7*s**3/6 + 11*s**2. Determine h(6).
11
Suppose 3*k + 2*k = 15. Let p(u) = -4*u**2 + 5 + 0*u - 3 - k*u + 3*u**2. Calculate p(-3).
2
Let y(x) = x + 1. Let d be -9*(10/(-3) + 4). What is y(d)?
-5
Let c(i) be the first derivative of i**4/4 - 4*i**3/3 - 2*i**2 + 4*i - 5. What is c(4)?
-12
Let b(a) be the second derivative of a**5/20 - a**4/6 - a**3/3 + 15*a. Give b(-2).
-12
Let t(m) = m**3 + 7*m**2 + 9*m + 8. Let c(n) = -2*n**2 + 2. Let r be c(2). Determine t(r).
-10
Let a(u) = -u**2 + 5*u - 2. Let l = -12 - -16. Suppose 0 = j - l. Give a(j).
2
Let z(j) = 3*j - 15. Let f(r) = r - 7. Suppose 3*u = -x + 2*u + 9, 4*x = 4*u + 36. Let l(m) = x*f(m) - 4*z(m). Calculate l(-3).
6
Let x(z) be the second derivative of -z**5/20 + 5*z**4/6 - 3*z**3/2 - 4*z**2 + 37*z. Determine x(9).
-8
Suppose 5*m - 63 = -2*m. Let p(v) = v**3 - 10*v**2 + 8*v + 5. What is p(m)?
-4
Let g(f) = 5*f**3 - f**2 - f - 1. Let q be (-4)/((-64)/4)*-4. Give g(q).
-6
Let f(l) = l - 3. Let s(a) = a - 4. Let i(q) = 6*f(q) - 4*s(q). Let w = 2 + 1. Suppose -u - 3*y + 9 = 0, -w*y - 8 = -4*u - 8*y. Give i(u).
-8
Let r(g) = 3*g - 1. Let k = -43 - -39. Calculate r(k).
-13
Suppose -5*d - 4*v + 1 = -0, 3*d = -v + 2. Let x(p) = -5*p**2 + 1. Give x(d).
-4
Let b be (-4)/(-10) + (-46)/(-10). Let r(o) be the second derivative of 0 - 1/2*o**4 - 3/2*o**2 + 1/20*o**5 + 5/6*o**3 - o. Calculate r(b).
-3
Let o(u) = 7*u**2 + 29*u - 12. Let f(x) = -8*x**2 - 33*x + 13. Let p(s) = 6*f(s) + 7*o(s). Let y = -5 - 0. What is p(y)?
-6
Let h(g) = g**3 + g**2 + 2. Suppose 0*d = 4*d. Calculate h(d).
2
Let s(a) = -a. Let o = 10 + -5. Let m be s(o). Let v(x) = 2*x - 4 + x**2 + x + x. Determine v(m).
1
Let q(z) be the first derivative of -z**6/45 - z**5/60 - z**4/24 - z**3 - 3. Let m(g) be the third derivative of q(g). Let i be (-2)/4 + 2/(-4). Determine m(i).
-7
Let g(q) = 7*q - 1. Let y(w) = -19*w + 3. Let m(t) = 8*g(t) + 3*y(t). Calculate m(9).
-8
Let n(r) = r + 1. Let i = -29 + 21. Let h be (-3 - i)*(-1 - -2). Give n(h).
6
Suppose v - 4*a = 8, -2*a = -3*v - 2*v + 4. Let m(g) = 2*g**3 - 4. Let b(d) = d**3 - d**2 - d - 1. Let n(f) = b(f) - m(f). What is n(v)?
3
Let f(c) = 2*c**3 + 13*c**2 - 5*c - 8. Let x(n) = -n**3 - 7*n**2 + 3*n + 4. Let o(w) = -3*f(w) - 5*x(w). Give o(-3).
-5
Let m(k) = -3*k + 21. Let d(x) = -x + 6. Let u(l) = 18*d(l) - 5*m(l). Let w be u(2). Let j(b) = 2*b + 3*b - 2 - 6*b. What is j(w)?
1
Let k(a) = a**3 - 6*a**2 - 5*a - 10. Suppose 0 = -4*v - 2*z + 34, -4*v + v = 3*z - 30. Give k(v).
4
Let c(g) be the third derivative of g**5/10 + g**3/6 - 4*g**2. What is c(-1)?
7
Let w(r) be the first derivative of r**4/4 + 2*r**3 + 2*r**2 + 4*r - 7. What is w(-5)?
9
Let k(x) = -x**2 - 7*x - 5. Let m be ((-4)/6)/(4/12). Let w be 2*m*2/2. Calculate k(w).
7
Let t(v) = 5*v - 1. Let g be t(1). Let l(z) be the third derivative of -z**4/24 + 5*z**3/6 + 28*z**2. Give l(g).
1
Let w(q) = -9*q**2 + 4*q - 7. Let t(j) = 18*j**2 - 7*j + 13. Let b(k) = 6*t(k) + 11*w(k). Calculate b(-1).
8
Let p(d) be the first derivative of d**2/2 + d + 1. Suppose -2*z + 6 = 3*s, 5*z - 1 = -3*s - 4. Let t = z - -7. Determine p(t).
5
Suppose 10*m = 5*m. Let r(w) = 3*w + w**2 + m + 2 - 2*w. Give r(0).
2
Let y(l) be the second derivative of -1/2*l**2 + 5*l + 0 - 7/6*l**3. Let w be (-3 + 1)/(2 - 0). Give y(w).
6
Let a(q) = 4*q + 9. Let u(i) = -i**2 + 10. Let f be u(4). Calculate a(f).
-15
Suppose 4*m - 5 - 19 = 0. Let i(o) = o**2 - 5*o - 6. Let r be i(m). Let a = r + 3. Let n(g) = -g**2 + 3*g - 3. Calculate n(a).
-3
Let s(g) = -g**3 - 5*g**2 + 7*g + 5. Let u be (121/2)/(2/4). Suppose -u = -4*c - 5*f, 5*c - 3*f = -5*f + 130. Let l be (9/12)/((-3)/c). Give s(l).
-1
Let m(d) = d**3 + d**2 + d + 15. Suppose -48*w + 46*w = 0. Give m(w).
15
Let h be (-4)/(-14) + (-45)/35. Suppose -2*y + 6*y = 8. Let d(w) = -7*w**3 + y*w - 2*w. Calculate d(h).
7
Let i(j) = 5*j**2 - 5 + 9*j**3 - 5*j**3 - 3*j**3. Let o(s) = 2*s + 11. Let v be o(-8). What is i(v)?
-5
Let q(d) = 1. Let r(v) = 5*v - 8. Let f be (-2 - 0) + 3 - 2. Let o(b) = f*r(b) - 6*q(b). Suppose -3*i = -0 - 6. Calculate o(i).
-8
Let o = 4 - 10. Let b(q) = -q**2 - 6*q + 1. Give b(o).
1
Suppose -2*s + 4*g = -24, -5 = 3*s + 5*g + 14. Suppose 4*o + 3 = 3*d - 6, 0 = s*d - 2*o - 4. Let p(f) = -2*f**2 - 1 + 5*f**2 + 3*f**3 - f**2. Calculate p(d).
-2
Let a(u) be the third derivative of u**6/120 + u**5/60 + u**4/24 - u**3/6 + 23*u**2. Calculate a(0).
-1
Let o be (-1 + 2 - 4) + 0. Let u = -15 - -17. Let n(d) = 2 + d - 2*d**2 + d**u + 0 + 2. Calculate n(o).
-8
Let n(v) = -v**2 - 5*v + 5. Let g(o) = 6*o**3 + 2*o**2 - o. Let y be g(1). Suppose y + 8 = -3*p. What is n(p)?
5
Let h = -14 + 14. Let z(n) = -n**3 + 10*n**2 + 12*n - 9. Let g be z(11). Let j(o) = h*o - 3*o - o**g + 2*o**2. What is j(2)?
-2
Suppose 5*x = x - 4. Let s be (-2 + -2)*x/4. Suppose -4*b = -11 - s. Let l(j) = j**3 - 2*j**2 - 4. Calculate l(b).
5
Let a(m) be the third derivative of m**6/720 + 7*m**5/120 - m**4/12 - 3*m**2. Let d(c) be the second derivative of a(c). Give d(-6).
1
Suppose 0 = 4*x - 2 + 18. Let z = 4 + x. Let q(c) = 1 + z + 2*c - 3*c. Determine q(1).
0
Let u(z) = z - 2. Let a be (1/3)/((-3)/(-18)). Let j = 8 - a. Calculate u(j).
4
Suppose -3*r - 13 = w, 0 = -4*w - 3*r + 2 - 18. Let t(h) be the first derivative of 1/3*h**3 + 2 + 1/2*h**2 + h + 1/2*h**4. Give t(w).
-1
Let f(v) be the first derivative of v**3/3 - 7*v**2/2 + v + 1. Let l(i) = 5*i**2 - 36*i + 4. Let z(a) = 11*f(a) - 2*l(a). What is z(2)?
-3
Let y(z) = -z + 12. Let s be y(10). Suppose j + 7 = s*j. Let d(g) = -2 - 4 + j + g. Calculate d(3).
4
Let q(z) = 4*z**3 - z**2 + 2*z - 1. Let j be q(1). Suppose -j*r - r + 5 = 0. Let i(n) = -r - 1 + 2*n - 4*n. Determine i(-4).
6
Let n(i) = -4*i. Suppose 0 = -t - 2*t - 2*v - 7, -v = 5*t. Determine n(t).
-4
Let r be ((-3)/(-2) + -2)*-60. Suppose 3*v + 12 = -q + 4*q, 5*q = -5*v + r. Let d = 0 - q. Let w(p) = p**2 + 3*p - 5. Calculate w(d).
5
Let d(l) = -l**3 - 4*l**2 + 3 + 0*l**2 + 2*l**3 - 6*l. Suppose 4*s - 4*q - 26 = 2*s, -4*s = 2*q - 22. Let z = s + -2. Give d(z).
-2
Let g(d) = -3*d - 2. Let v = -72 - -70. What is g(v)?
4
Let u be 2/(-4) + 7/(-2). Let f be (2 + u)/(2/5). Let c(t) = -t**2 - 5*t - 5. What is c(f)?
-5
Let a(i) = 8*i**3 - 2*i**2 + 2*i - 1. Let x(p) = p**3 - 2*p**2 + 4*p - 3. Let z be x(2). Let l = z + -4. Give a(l).
7
Let r(l) = -4*l**2 - 4*l - 8. Let q(z) = -z**2 + z - 1. Let f(j) = 3*q(j) - r(j). Suppose 0 = 5*t - 4*s + 42 - 12, -5*t + 5*s - 30 = 0. Calculate f(t).
-1
Let t = 4 + -2. Let j(f) be the first derivative of 0*f + 1/4*f**4 + 1 - f**3 - f**2. Calculate j(t).
-8
Let f(g) = 0*g - 2*g + 3*g**2 + 0*g**2. Suppose -5*h - 12 = -32. Suppose -h*a = -5 - 3. Give f(a).
8
Let l(a) = -2*a**2 - 10*a + 7. Let y be l(-5). Suppose t + 6 = 5*o, -5*o = -4*t - 1 + y. Let p(h) = -h**3 + 3*h**2 + 7*h - 5. Give p(t).
7
Let i(h) = -h**3 + h**2 - h - 1. Suppose -25 = u - 6*u. Suppose 8 = x + 3*o, -3*o + o - 6 = -u*x. Determine i(x).
-7
Let o(s) = -s - 6. Suppose 4*l - 4*n - 8 = 0, l - 2*n + 2 = n. Suppose 7*r = 3*r - 3*t - 16, 0 = -l*r + t - 16. Calculate o(r).
-2
Suppose 3*a + 0*a + 9 = 0. Let y be 1*(-12)/9*a. Let j(s) = 1 + 6*s - 3*s - y*s. Determine j(3).
-2
Let l(k) be the first derivative of -k**4/4 - 7*k**3/3 - 4*k**2 - 3*k + 11. Determine l(-6).
9
Let b(v) = 2*v + 2. Let o(q) = -3*q**2 - 16*q + 1. Let r be o(-5